e 10) to base 2.
-1001101011
-243331 (base 5) to base 9
-13570
97a6 (base 15) to base 5
2011411
-11a32 (base 11) to base 13
-7ab5
Convert -12003 (base 5) to base 8.
-1556
What is 102c (base 13) in base 5?
32420
Convert -1111100 (base 2) to base 10.
-124
7d (base 14) to base 2
1101111
Convert -123412 (base 6) to base 13.
-5111
Convert 1311003 (base 4) to base 2.
1110101000011
-c3 (base 15) to base 14
-d1
What is 3122 (base 6) in base 9?
855
Convert -1543 (base 8) to base 15.
-3cc
Convert 3846 (base 9) to base 14.
1097
Convert -2220 (base 11) to base 15.
-d01
45930 (base 10) to base 8
131552
Convert 8ba (base 13) to base 16.
5e1
-2330 (base 4) to base 16
-bc
Convert 100111110010 (base 2) to base 15.
b4b
2492 (base 10) to base 8
4674
Convert 113102 (base 4) to base 11.
1135
What is -30275 (base 8) in base 11?
-9413
What is 34454 (base 10) in base 14?
c7b0
22ee (base 15) to base 4
1310000
What is 2827 (base 11) in base 2?
111001001011
Convert 31332100 (base 4) to base 11.
39aaa
What is 1103 (base 6) in base 8?
377
What is 3210102 (base 4) in base 8?
34422
What is -754 (base 14) in base 3?
-1222120
-220222 (base 3) to base 13
-3cb
220210221 (base 3) to base 14
6840
What is -9232 (base 12) in base 10?
-15878
-111110 (base 3) to base 10
-363
Convert -1032320 (base 5) to base 9.
-26416
-4301430 (base 5) to base 7
-420151
-123 (base 16) to base 10
-291
562 (base 11) to base 10
673
2010202 (base 3) to base 5
22214
44002 (base 7) to base 3
120001121
What is 167 (base 15) in base 12?
22a
Convert -112100022 (base 3) to base 16.
-28d9
-5356 (base 11) to base 2
-1101110100111
20a (base 16) to base 14
294
What is 504323 (base 6) in base 12?
1b0a3
Convert -303 (base 15) to base 10.
-678
What is 45212 (base 6) in base 12?
3808
Convert 226 (base 9) to base 4.
2322
Convert -1335 (base 8) to base 7.
-2065
Convert -14135 (base 7) to base 9.
-5245
What is 1262 (base 8) in base 4?
22302
What is 9725 (base 15) in base 11?
22038
What is -101000 (base 3) in base 12?
-1a6
-10100000110111 (base 2) to base 8
-24067
What is -6208 (base 13) in base 4?
-3103120
4517 (base 9) to base 4
310021
What is -18f (base 16) in base 15?
-1b9
a99 (base 11) to base 14
6a2
What is -314 (base 11) in base 9?
-460
55400 (base 8) to base 4
11230000
Convert 20211022 (base 3) to base 7.
20336
Convert 13200 (base 4) to base 7.
1254
-12011112 (base 4) to base 7
-132435
-264 (base 7) to base 6
-400
11734 (base 13) to base 6
404024
-34a (base 15) to base 3
-1000121
What is -41064 (base 7) in base 5?
-304433
Convert 1100111000001 (base 2) to base 11.
4a54
-556 (base 9) to base 11
-385
What is -356466 (base 7) in base 12?
-31560
-2911 (base 11) to base 2
-111010110011
Convert -1429 (base 14) to base 7.
-13252
Convert 111101011000110 (base 2) to base 16.
7ac6
What is -111000 (base 3) in base 7?
-1011
Convert 1d4 (base 14) to base 6.
1434
Convert 101000100 (base 2) to base 16.
144
What is 889 (base 10) in base 16?
379
What is -52047 (base 10) in base 4?
-30231033
3255 (base 11) to base 5
114140
What is 140012 (base 5) in base 4?
1120000
What is 111140 (base 6) in base 12?
54b0
-110110101 (base 2) to base 13
-278
Convert 43215 (base 6) to base 9.
8102
2599 (base 14) to base 6
50323
121010 (base 3) to base 13
276
Convert 3003220 (base 4) to base 3.
122011201
Convert 5996 (base 10) to base 9.
8202
Convert -424322 (base 5) to base 12.
-8369
What is 5714 (base 10) in base 11?
4325
Convert 2a3 (base 11) to base 14.
1b5
Convert 10104 (base 6) to base 16.
538
-185 (base 10) to base 6
-505
What is -1156 (base 8) in base 3?
-212001
What is 3564 (base 7) in base 2?
10100101000
What is 3293 (base 10) in base 9?
4458
Convert 3a (base 14) to base 16.
34
Convert 251 (base 10) to base 4.
3323
What is 1221021011 (base 3) in base 9?
57234
-a60d (base 14) to base 4
-12333111
Convert a6c (base 15) to base 8.
4460
What is 30254 (base 7) in base 13?
3458
1121 (base 8) to base 4
21101
12110 (base 9) to base 15
2609
-1102202 (base 3) to base 13
-626
222 (base 13) to base 8
556
Convert 2353 (base 6) to base 15.
283
Convert 1202 (base 10) to base 12.
842
Convert 136 (base 8) to base 5.
334
Convert -7a3c (base 13) to base 11.
-11954
Convert 17b5 (base 12) to base 6.
21145
Convert -12110112 (base 3) to base 6.
-30235
Convert 10001101011110 (base 2) to base 3.
110102100
1042214 (base 5) to base 16
4802
566b (base 16) to base 13
a0ba
Convert 4078 (base 13) to base 10.
8887
What is -100011011100 (base 2) in base 10?
-2268
Convert 1595 (base 14) to base 7.
14145
-6d8 (base 16) to base 3
-2101220
3633 (base 8) to base 11
1510
What is -1800 (base 10) in base 12?
-1060
Convert 1000111020 (base 3) to base 6.
232440
What is -21a4 (base 16) in base 14?
-31d2
Convert -465 (base 8) to base 14.
-181
What is 308 (base 16) in base 8?
1410
Convert 17b69 (base 12) to base 4.
20123001
Convert 3520 (base 7) to base 3.
1202201
Convert -1000101111 (base 2) to base 7.
-1426
Convert 7701 (base 8) to base 3.
12112101
What is -476 (base 11) in base 16?
-237
What is 7c4 (base 13) in base 4?
110333
Convert 100443 (base 5) to base 14.
1280
Convert 3975 (base 10) to base 5.
111400
26c (base 15) to base 4
20220
aa0 (base 14) to base 5
31400
-1539 (base 10) to base 3
-2010000
Convert -1da (base 15) to base 2.
-110101110
Convert 515 (base 12) to base 3.
1000022
141505 (base 7) to base 16
697c
Convert 42c (base 14) to base 7.
2255
What is 14b (base 12) in base 8?
313
-40003 (base 8) to base 12
-9597
7518 (base 12) to base 5
402321
What is d9 (base 16) in base 7?
430
Convert 2211102 (base 3) to base 6.
13315
Convert -2b30 (base 12) to base 4.
-1033110
Convert 247 (base 10) to base 3.
100011
Convert -11370 (base 9) to base 14.
-2aa8
What is 112102 (base 3) in base 8?
605
-6b9 (base 12) to base 13
-5c4
Convert 110010110 (base 2) to base 11.
33a
What is b9 (base 12) in base 14?
a1
986 (base 15) to base 13
c96
What is -6c7 (base 16) in base 11?
-1338
-226 (base 10) to base 6
-1014
What is 20022111 (base 3) in base 14?
196b
What is 1010011111 (base 2) in base 15?
2eb
Convert -18aa (base 11) to base 12.
-1497
What is 28492 (base 11) in base 12?
1b543
What is -7869 (base 10) in base 7?
-31641
-3cd (base 14) to base 7
-2146
What is 82a (base 14) in base 7?
4453
Convert -19d1 (base 15) to base 3.
-21200021
What is -66 (base 8) in base 2?
-110110
Convert -3c86 (base 14) to base 2.
-10100111001110
What is -207 (base 8) in base 14?
-99
What is -7998 (base 15) in base 7?
-135125
Convert 28460 (base 10) to base 13.
cc53
Convert 1861 (base 14) to base 10.
4397
Convert 35553 (base 10) to base 7.
205440
Convert 252144 (base 6) to base 4.
11200000
15534 (base 6) to base 5
40303
What is -14885 (base 11) in base 10?
-21026
-1053 (base 7) to base 11
-317
What is -274 (base 8) in base 11?
-161
What is -35565 (base 10) in base 16?
-8aed
What is -265 (base 16) in base 15?
-2ad
Convert 15514 (base 7) to base 15.
1467
What is -100012200 (base 3) in base 12?
-3a76
What is -11111101001001 (base 2) in base 9?
-24201
What is 13344 (base 7) in base 12?
2109
What is 1300 (base 7) in base 2?
111101010
Convert 21211212 (base 3) to base 11.
4330
10931 (base 11) to base 2
11110110010100
Convert 3000 (base 5) to base 12.
273
2310 (base 5) to base 10
330
-92e (base 16) to base 10
-2350
Convert 533 (base 16) to base 2.
10100110011
What is -626 (base 8) in base 10?
-406
What is -4126 (base 13) in base 8?
-21435
Convert -13113 (base 5) to base 9.
-1367
What is -40550 (base 6) in base 8?
-12422
What is -1010110 (base 2) in base 5?
-321
What is 401 (base 12) in base 13?
355
Convert de2 (base 15) to base 8.
6101
1000010101101000 (base 2) to base 16
8568
What is -a9 (base 13) in base 7?
-256
-957d (base 14) to base 12
-12b0b
-22b6 (base 14) to base 10
-6040
609 (base 11) to base 2
1011011111
876d (base 14) to base 16
5b7d
What is 475 (base 8) in base 10?
317
Convert -221 (base 11) to base 16.
-109
3442 (base 6) to base 9
1108
-2034 (base 5) to base 10
-269
35270 (base 8) to base 6
153332
What is 11356 (base 7) in base 3?
11000121
What is 113505 (base 6) in base 13?
467c
-19677 (base 10) to base 2
-100110011011101
What is -1324 (base 5) in base 9?
-257
Convert -a62 (base 12) to base 16.
-5ea
Convert -12054 (base 9) to base 11.
-6075
What is 22102222 (base 3) in base 15?
1c55
What is 60d (base 15) in base